
{"id":196,"date":"2024-11-27T13:20:14","date_gmt":"2024-11-27T13:20:14","guid":{"rendered":"https:\/\/artclubsotogrande.com\/?page_id=196"},"modified":"2024-11-28T13:28:48","modified_gmt":"2024-11-28T13:28:48","slug":"silke-art-2","status":"publish","type":"page","link":"https:\/\/artclubsotogrande.com\/index.php\/silke-art-2\/","title":{"rendered":"Silke Art"},"content":{"rendered":"\n<figure class=\"wp-block-image size-large blue_border\"><img loading=\"lazy\" decoding=\"async\" width=\"1024\" height=\"574\" src=\"https:\/\/artclubsotogrande.com\/wp-content\/uploads\/2024\/11\/silke_art-1024x574.jpg\" alt=\"\" class=\"wp-image-226\" srcset=\"https:\/\/artclubsotogrande.com\/wp-content\/uploads\/2024\/11\/silke_art-1024x574.jpg 1024w, https:\/\/artclubsotogrande.com\/wp-content\/uploads\/2024\/11\/silke_art-300x168.jpg 300w, https:\/\/artclubsotogrande.com\/wp-content\/uploads\/2024\/11\/silke_art-768x430.jpg 768w, https:\/\/artclubsotogrande.com\/wp-content\/uploads\/2024\/11\/silke_art-1536x861.jpg 1536w, https:\/\/artclubsotogrande.com\/wp-content\/uploads\/2024\/11\/silke_art.jpg 2000w\" sizes=\"auto, (max-width: 1024px) 100vw, 1024px\" \/><\/figure>\n\n\n\n<p>Querido\/a amante del arte,<\/p>\n\n\n\n<p>Mi nombre es Silke Kunter-Wilson. Nac\u00ed en 1963, crec\u00ed en Alemania y vine a Gibraltar en octubre de 1998.&nbsp;Muchos a\u00f1os despu\u00e9s, mi limpiadora de entonces me apunt\u00f3 a una clase nocturna de arte. Me convert\u00ed en una artista&nbsp;aficionada. Por lo tanto, no soy tan prol\u00edfico como muchos de mis &#8220;colegas del arte&#8221;.<\/p>\n\n\n\n<p>Pintar es para m\u00ed una especie de evasi\u00f3n del trabajo de oficina (que puede ser una actividad un poco \u00e1rida). Me encantan los colores y utilizo principalmente \u00f3leos y a veces acr\u00edlicos. Pinto sobre lienzos, decoro sillas de madera y he expuesto en Gibraltar y Espa\u00f1a durante los \u00faltimos 10 a\u00f1os. Lo que pretendo retratar es simplemente una experiencia agradable para el ojo, la mente y el alma, algo que te haga sentir bien cada vez que lo mires. Algunos de mis cuadros han encontrado un hogar permanente en Estados Unidos, Alemania, Espa\u00f1a, Gibraltar, Reino Unido y Brasil. Y el resto est\u00e1 a la espera de la pr\u00f3xima exposici\u00f3n y, posiblemente, de nuevos propietarios que pueden apreciarlos. Gracias por ver mis obras. Espero que disfrute con lo que ve.<\/p>\n\n\n\n<p><strong>Mis datos de contacto: <a href=\"https:\/\/wa.me\/+34600390600\" target=\"_blank\" rel=\"noreferrer noopener\">+34 600 390 600<\/a> (WhatsApp).&nbsp;<\/strong><\/p>\n\n\n\n<figure class=\"wp-block-image size-full small_image\"><img loading=\"lazy\" decoding=\"async\" width=\"1000\" height=\"529\" src=\"https:\/\/artclubsotogrande.com\/wp-content\/uploads\/2024\/11\/silke_art.png\" alt=\"\" class=\"wp-image-85\" srcset=\"https:\/\/artclubsotogrande.com\/wp-content\/uploads\/2024\/11\/silke_art.png 1000w, https:\/\/artclubsotogrande.com\/wp-content\/uploads\/2024\/11\/silke_art-300x159.png 300w, https:\/\/artclubsotogrande.com\/wp-content\/uploads\/2024\/11\/silke_art-768x406.png 768w\" sizes=\"auto, (max-width: 1000px) 100vw, 1000px\" \/><\/figure>\n","protected":false},"excerpt":{"rendered":"<p>Querido\/a amante del arte, Mi nombre es Silke Kunter-Wilson. Nac\u00ed en 1963, crec\u00ed en Alemania y vine a Gibraltar en octubre de 1998.&nbsp;Muchos a\u00f1os despu\u00e9s, mi limpiadora de entonces me apunt\u00f3 a una clase nocturna de arte. Me convert\u00ed en una artista&nbsp;aficionada. Por lo tanto, no soy tan prol\u00edfico como muchos de mis &#8220;colegas del [&hellip;]<\/p>\n","protected":false},"author":1,"featured_media":160,"parent":0,"menu_order":0,"comment_status":"closed","ping_status":"closed","template":"","meta":{"footnotes":""},"class_list":["post-196","page","type-page","status-publish","has-post-thumbnail","hentry"],"yoast_head":"<!-- This site is optimized with the Yoast SEO plugin v23.9 - https:\/\/yoast.com\/wordpress\/plugins\/seo\/ -->\n<title>Silke Art - Art Club Sotogrande<\/title>\n<meta name=\"robots\" content=\"index, follow, max-snippet:-1, max-image-preview:large, max-video-preview:-1\" \/>\n<link rel=\"canonical\" href=\"https:\/\/artclubsotogrande.com\/index.php\/silke-art-2\/\" \/>\n<meta property=\"og:locale\" content=\"en_US\" \/>\n<meta property=\"og:type\" content=\"article\" \/>\n<meta property=\"og:title\" content=\"Silke Art - Art Club Sotogrande\" \/>\n<meta property=\"og:description\" content=\"Querido\/a amante del arte, Mi nombre es Silke Kunter-Wilson. Nac\u00ed en 1963, crec\u00ed en Alemania y vine a Gibraltar en octubre de 1998.&nbsp;Muchos a\u00f1os despu\u00e9s, mi limpiadora de entonces me apunt\u00f3 a una clase nocturna de arte. Me convert\u00ed en una artista&nbsp;aficionada. Por lo tanto, no soy tan prol\u00edfico como muchos de mis &#8220;colegas del [&hellip;]\" \/>\n<meta property=\"og:url\" content=\"https:\/\/artclubsotogrande.com\/index.php\/silke-art-2\/\" \/>\n<meta property=\"og:site_name\" content=\"Art Club Sotogrande\" \/>\n<meta property=\"article:modified_time\" content=\"2024-11-28T13:28:48+00:00\" \/>\n<meta property=\"og:image\" content=\"https:\/\/artclubsotogrande.com\/wp-content\/uploads\/2024\/11\/silke_art_feature.jpg\" \/>\n\t<meta property=\"og:image:width\" content=\"2000\" \/>\n\t<meta property=\"og:image:height\" content=\"1121\" \/>\n\t<meta property=\"og:image:type\" content=\"image\/jpeg\" \/>\n<meta name=\"twitter:card\" content=\"summary_large_image\" \/>\n<meta name=\"twitter:label1\" content=\"Est. reading time\" \/>\n\t<meta name=\"twitter:data1\" content=\"2 minutes\" \/>\n<script type=\"application\/ld+json\" class=\"yoast-schema-graph\">{\"@context\":\"https:\/\/schema.org\",\"@graph\":[{\"@type\":\"WebPage\",\"@id\":\"https:\/\/artclubsotogrande.com\/index.php\/silke-art-2\/\",\"url\":\"https:\/\/artclubsotogrande.com\/index.php\/silke-art-2\/\",\"name\":\"Silke Art - Art Club Sotogrande\",\"isPartOf\":{\"@id\":\"https:\/\/artclubsotogrande.com\/#website\"},\"primaryImageOfPage\":{\"@id\":\"https:\/\/artclubsotogrande.com\/index.php\/silke-art-2\/#primaryimage\"},\"image\":{\"@id\":\"https:\/\/artclubsotogrande.com\/index.php\/silke-art-2\/#primaryimage\"},\"thumbnailUrl\":\"https:\/\/artclubsotogrande.com\/wp-content\/uploads\/2024\/11\/silke_art_feature.jpg\",\"datePublished\":\"2024-11-27T13:20:14+00:00\",\"dateModified\":\"2024-11-28T13:28:48+00:00\",\"breadcrumb\":{\"@id\":\"https:\/\/artclubsotogrande.com\/index.php\/silke-art-2\/#breadcrumb\"},\"inLanguage\":\"en-US\",\"potentialAction\":[{\"@type\":\"ReadAction\",\"target\":[\"https:\/\/artclubsotogrande.com\/index.php\/silke-art-2\/\"]}]},{\"@type\":\"ImageObject\",\"inLanguage\":\"en-US\",\"@id\":\"https:\/\/artclubsotogrande.com\/index.php\/silke-art-2\/#primaryimage\",\"url\":\"https:\/\/artclubsotogrande.com\/wp-content\/uploads\/2024\/11\/silke_art_feature.jpg\",\"contentUrl\":\"https:\/\/artclubsotogrande.com\/wp-content\/uploads\/2024\/11\/silke_art_feature.jpg\",\"width\":2000,\"height\":1121},{\"@type\":\"BreadcrumbList\",\"@id\":\"https:\/\/artclubsotogrande.com\/index.php\/silke-art-2\/#breadcrumb\",\"itemListElement\":[{\"@type\":\"ListItem\",\"position\":1,\"name\":\"Home\",\"item\":\"https:\/\/artclubsotogrande.com\/index.php\/en\/home\/\"},{\"@type\":\"ListItem\",\"position\":2,\"name\":\"Silke Art\"}]},{\"@type\":\"WebSite\",\"@id\":\"https:\/\/artclubsotogrande.com\/#website\",\"url\":\"https:\/\/artclubsotogrande.com\/\",\"name\":\"Art Club Sotogrande\",\"description\":\"\",\"publisher\":{\"@id\":\"https:\/\/artclubsotogrande.com\/#organization\"},\"inLanguage\":\"en-US\"},{\"@type\":\"Organization\",\"@id\":\"https:\/\/artclubsotogrande.com\/#organization\",\"name\":\"Art Club Sotogrande\",\"url\":\"https:\/\/artclubsotogrande.com\/\",\"logo\":{\"@type\":\"ImageObject\",\"inLanguage\":\"en-US\",\"@id\":\"https:\/\/artclubsotogrande.com\/#\/schema\/logo\/image\/\",\"url\":\"https:\/\/artclubsotogrande.com\/wp-content\/uploads\/2024\/01\/screenshot.png\",\"contentUrl\":\"https:\/\/artclubsotogrande.com\/wp-content\/uploads\/2024\/01\/screenshot.png\",\"width\":880,\"height\":660,\"caption\":\"Art Club Sotogrande\"},\"image\":{\"@id\":\"https:\/\/artclubsotogrande.com\/#\/schema\/logo\/image\/\"}}]}<\/script>\n<!-- \/ Yoast SEO plugin. -->","yoast_head_json":{"title":"Silke Art - Art Club Sotogrande","robots":{"index":"index","follow":"follow","max-snippet":"max-snippet:-1","max-image-preview":"max-image-preview:large","max-video-preview":"max-video-preview:-1"},"canonical":"https:\/\/artclubsotogrande.com\/index.php\/silke-art-2\/","og_locale":"en_US","og_type":"article","og_title":"Silke Art - Art Club Sotogrande","og_description":"Querido\/a amante del arte, Mi nombre es Silke Kunter-Wilson. Nac\u00ed en 1963, crec\u00ed en Alemania y vine a Gibraltar en octubre de 1998.&nbsp;Muchos a\u00f1os despu\u00e9s, mi limpiadora de entonces me apunt\u00f3 a una clase nocturna de arte. Me convert\u00ed en una artista&nbsp;aficionada. Por lo tanto, no soy tan prol\u00edfico como muchos de mis &#8220;colegas del [&hellip;]","og_url":"https:\/\/artclubsotogrande.com\/index.php\/silke-art-2\/","og_site_name":"Art Club Sotogrande","article_modified_time":"2024-11-28T13:28:48+00:00","og_image":[{"width":2000,"height":1121,"url":"https:\/\/artclubsotogrande.com\/wp-content\/uploads\/2024\/11\/silke_art_feature.jpg","type":"image\/jpeg"}],"twitter_card":"summary_large_image","twitter_misc":{"Est. reading time":"2 minutes"},"schema":{"@context":"https:\/\/schema.org","@graph":[{"@type":"WebPage","@id":"https:\/\/artclubsotogrande.com\/index.php\/silke-art-2\/","url":"https:\/\/artclubsotogrande.com\/index.php\/silke-art-2\/","name":"Silke Art - Art Club Sotogrande","isPartOf":{"@id":"https:\/\/artclubsotogrande.com\/#website"},"primaryImageOfPage":{"@id":"https:\/\/artclubsotogrande.com\/index.php\/silke-art-2\/#primaryimage"},"image":{"@id":"https:\/\/artclubsotogrande.com\/index.php\/silke-art-2\/#primaryimage"},"thumbnailUrl":"https:\/\/artclubsotogrande.com\/wp-content\/uploads\/2024\/11\/silke_art_feature.jpg","datePublished":"2024-11-27T13:20:14+00:00","dateModified":"2024-11-28T13:28:48+00:00","breadcrumb":{"@id":"https:\/\/artclubsotogrande.com\/index.php\/silke-art-2\/#breadcrumb"},"inLanguage":"en-US","potentialAction":[{"@type":"ReadAction","target":["https:\/\/artclubsotogrande.com\/index.php\/silke-art-2\/"]}]},{"@type":"ImageObject","inLanguage":"en-US","@id":"https:\/\/artclubsotogrande.com\/index.php\/silke-art-2\/#primaryimage","url":"https:\/\/artclubsotogrande.com\/wp-content\/uploads\/2024\/11\/silke_art_feature.jpg","contentUrl":"https:\/\/artclubsotogrande.com\/wp-content\/uploads\/2024\/11\/silke_art_feature.jpg","width":2000,"height":1121},{"@type":"BreadcrumbList","@id":"https:\/\/artclubsotogrande.com\/index.php\/silke-art-2\/#breadcrumb","itemListElement":[{"@type":"ListItem","position":1,"name":"Home","item":"https:\/\/artclubsotogrande.com\/index.php\/en\/home\/"},{"@type":"ListItem","position":2,"name":"Silke Art"}]},{"@type":"WebSite","@id":"https:\/\/artclubsotogrande.com\/#website","url":"https:\/\/artclubsotogrande.com\/","name":"Art Club Sotogrande","description":"","publisher":{"@id":"https:\/\/artclubsotogrande.com\/#organization"},"inLanguage":"en-US"},{"@type":"Organization","@id":"https:\/\/artclubsotogrande.com\/#organization","name":"Art Club Sotogrande","url":"https:\/\/artclubsotogrande.com\/","logo":{"@type":"ImageObject","inLanguage":"en-US","@id":"https:\/\/artclubsotogrande.com\/#\/schema\/logo\/image\/","url":"https:\/\/artclubsotogrande.com\/wp-content\/uploads\/2024\/01\/screenshot.png","contentUrl":"https:\/\/artclubsotogrande.com\/wp-content\/uploads\/2024\/01\/screenshot.png","width":880,"height":660,"caption":"Art Club Sotogrande"},"image":{"@id":"https:\/\/artclubsotogrande.com\/#\/schema\/logo\/image\/"}}]}},"_links":{"self":[{"href":"https:\/\/artclubsotogrande.com\/index.php\/wp-json\/wp\/v2\/pages\/196","targetHints":{"allow":["GET"]}}],"collection":[{"href":"https:\/\/artclubsotogrande.com\/index.php\/wp-json\/wp\/v2\/pages"}],"about":[{"href":"https:\/\/artclubsotogrande.com\/index.php\/wp-json\/wp\/v2\/types\/page"}],"author":[{"embeddable":true,"href":"https:\/\/artclubsotogrande.com\/index.php\/wp-json\/wp\/v2\/users\/1"}],"replies":[{"embeddable":true,"href":"https:\/\/artclubsotogrande.com\/index.php\/wp-json\/wp\/v2\/comments?post=196"}],"version-history":[{"count":9,"href":"https:\/\/artclubsotogrande.com\/index.php\/wp-json\/wp\/v2\/pages\/196\/revisions"}],"predecessor-version":[{"id":266,"href":"https:\/\/artclubsotogrande.com\/index.php\/wp-json\/wp\/v2\/pages\/196\/revisions\/266"}],"wp:featuredmedia":[{"embeddable":true,"href":"https:\/\/artclubsotogrande.com\/index.php\/wp-json\/wp\/v2\/media\/160"}],"wp:attachment":[{"href":"https:\/\/artclubsotogrande.com\/index.php\/wp-json\/wp\/v2\/media?parent=196"}],"curies":[{"name":"wp","href":"https:\/\/api.w.org\/{rel}","templated":true}]}}